?
False
Does 6 divide 15647?
False
Does 51 divide 459?
True
Does 10 divide 7370?
True
Is 3 a factor of 5541?
True
Is 5 a factor of 879?
False
Is 4720 a multiple of 16?
True
Is 950 a multiple of 95?
True
Does 18 divide 630?
True
Does 18 divide 2627?
False
Does 37 divide 1184?
True
Is 31 a factor of 2745?
False
Does 10 divide 11250?
True
Is 18 a factor of 972?
True
Is 249 a factor of 27390?
True
Is 19 a factor of 431?
False
Does 8 divide 4679?
False
Is 55 a factor of 2695?
True
Does 10 divide 14360?
True
Is 41 a factor of 287?
True
Is 378 a multiple of 28?
False
Is 5 a factor of 265?
True
Is 15 a factor of 32373?
False
Does 17 divide 1870?
True
Is 201 even?
False
Does 159 divide 15264?
True
Is 504 a multiple of 14?
True
Is 102 a factor of 5261?
False
Does 3 divide 120?
True
Does 222 divide 1625?
False
Does 42 divide 2394?
True
Is 3232 a multiple of 111?
False
Is 13 a factor of 2951?
True
Does 26 divide 199?
False
Does 3 divide 187?
False
Is 682 a multiple of 18?
False
Does 37 divide 1073?
True
Does 3 divide 2364?
True
Is 3852 a multiple of 3?
True
Is 320 a factor of 71040?
True
Is 8 a factor of 29726?
False
Is 16 a factor of 79760?
True
Is 2599 a multiple of 23?
True
Does 108 divide 21276?
True
Is 962 a multiple of 38?
False
Is 1159 a multiple of 6?
False
Does 248 divide 90412?
False
Is 58 a factor of 25288?
True
Does 14 divide 2576?
True
Does 6 divide 4825?
False
Is 8 a factor of 4750?
False
Does 36 divide 6634?
False
Does 11 divide 4881?
False
Does 35 divide 8956?
False
Does 16 divide 341?
False
Is 620 even?
True
Is 7040 a multiple of 20?
True
Is 4127 a multiple of 45?
False
Does 7 divide 1933?
False
Is 30010 a multiple of 33?
False
Does 109 divide 1315?
False
Is 30 a factor of 15916?
False
Is 19 a factor of 332?
False
Does 12 divide 137?
False
Does 12 divide 768?
True
Does 2 divide 15?
False
Is 118 a multiple of 5?
False
Is 2201 a multiple of 61?
False
Does 57 divide 6042?
True
Does 12 divide 1320?
True
Does 93 divide 1023?
True
Is 8586 a multiple of 27?
True
Does 58 divide 58580?
True
Does 76 divide 5041?
False
Is 175 a factor of 11565?
False
Is 1126 a multiple of 4?
False
Is 25425 a multiple of 25?
True
Is 30 a factor of 1320?
True
Does 10 divide 1194?
False
Does 21 divide 483?
True
Does 3 divide 546?
True
Is 20 a factor of 3360?
True
Is 3106 a multiple of 11?
False
Does 78 divide 702?
True
Is 2010 a multiple of 53?
False
Does 33 divide 3886?
False
Is 48768 a multiple of 127?
True
Is 94 a factor of 18518?
True
Does 7 divide 22347?
False
Is 15589 a multiple of 119?
True
Does 5 divide 234?
False
Is 9849 a multiple of 71?
False
Is 3336 a multiple of 12?
True
Is 25 a factor of 47250?
True
Does 7 divide 24605?
True
Does 55 divide 385?
True
Is 585 a multiple of 13?
True
Is 4367 a multiple of 12?
False
Does 105 divide 630?
True
Does 174 divide 2112?
False
Does 69 divide 414?
True
Is 20 a factor of 760?
True
Is 7686 a multiple of 9?
True
Is 20 a factor of 6147?
False
Is 18 a factor of 1836?
True
Is 20768 a multiple of 8?
True
Does 4 divide 227?
False
Is 3 a factor of 212?
False
Is 63 a factor of 5544?
True
Is 15429 a multiple of 12?
False
Is 20 a factor of 2520?
True
Is 1594 a multiple of 47?
False
Is 109 a factor of 1417?
True
Is 687 a multiple of 28?
False
Is 362 a multiple of 71?
False
Is 4 a factor of 57?
False
Is 19 a factor of 1125?
False
Is 15 a factor of 1020?
True
Is 21840 a multiple of 80?
True
Is 7 a factor of 553?
True
Does 136 divide 134240?
False
Does 62 divide 1918?
False
Is 980 a multiple of 10?
True
Does 20 divide 393?
False
Is 6 a factor of 1087?
False
Does 46 divide 851?
False
Is 19 a factor of 7733?
True
Is 1210 a multiple of 3?
False
Is 309 a multiple of 10?
False
Does 39 divide 1711?
False
Is 3472 a multiple of 8?
True
Is 46 a factor of 40363?
False
Is 37 a factor of 1107?
False
Is 11377 a multiple of 31?
True
Is 51 a factor of 15201?
False
Is 14787 a multiple of 31?
True
Is 58 a factor of 2339?
False
Does 165 divide 8910?
True
Does 69 divide 12834?
True
Is 2805 a multiple of 15?
True
Is 17 a factor of 6392?
True
Does 102 divide 5508?
True
Is 23987 a multiple of 5?
False
Does 98 divide 8613?
False
Is 47729 a multiple of 13?
False
Does 129 divide 13674?
True
Is 77 a factor of 2718?
False
Is 6 a factor of 504?
True
Does 27 divide 297?
True
Does 11 divide 151530?
False
Is 5061 a multiple of 161?
False
Is 33031 a multiple of 29?
True
Is 34 a factor of 111180?
True
Does 28 divide 439?
False
Is 3 a factor of 132?
True
Is 6 a factor of 1608?
True
Is 15 a factor of 69915?
True
Is 6563 a multiple of 198?
False
Is 126 a factor of 37925?
False
Is 210 a multiple of 10?
True
Does 97 divide 81868?
True
Is 30 a factor of 600?
True
Is 10564 a multiple of 15?
False
Does 3 divide 240?
True
Is 9 a factor of 624?
False
Is 46443 a multiple of 113?
True
Does 36 divide 7212?
False
Is 57 a multiple of 4?
False
Does 21 divide 5259?
False
Is 217 a multiple of 7?
True
Is 1440 a multiple of 15?
True
Is 221 a multiple of 13?
True
Is 1430 a multiple of 10?
True
Is 31 a factor of 4743?
True
Is 3 a factor of 1814?
False
Is 31 a factor of 34596?
True
Is 5 a factor of 23922?
False
Does 23 divide 523?
False
Does 183 divide 28731?
True
Does 92 divide 10839?
False
Is 38 a factor of 798?
True
Is 16 even?
True
Is 33 a factor of 3531?
True
Is 68 a factor of 22168?
True
Does 44 divide 7970?
False
Is 17 a factor of 71533?
False
Is 30 a factor of 362?
False
Is 33555 a multiple of 15?
True
Is 5548 a multiple of 73?
True
Is 1623 a multiple of 18?
False
Does 66 divide 44688?
False
Is 22 a factor of 704?
True
Is 171 a multiple of 9?
True
Does 8 divide 376?
True
Is 299 a factor of 76565?
False
Is 67 a factor of 1363?
False
Does 14 divide 644?
True
Is 77 a multiple of 7?
True
Is 7454 a multiple of 19?
False
Is 56949 a multiple of 12?
False
Is 2288 a multiple of 11?
True
Is 480 a multiple of 32?
True
Does 6 divide 1248?
True
Does 6 divide 2982?
True
Is 4462 a multiple of 23?
True
Does 14 divide 635?
False
Does 28 divide 3556?
True
Is 11 even?
False
Is 370 a multiple of 37?
True
Is 945 a multiple of 2?
False
Is 700 a multiple of 10?
True
Is 2736 a multiple of 71?
False
Does 24 divide 1896?
True
Is 6279 a multiple of 39?
True
Is 13 a factor of 403?
True
Is 4761 a multiple of 69?
True
Is 50 a factor of 74975?
False
Does 15 divide 1410?
True
Is 33 a factor of 75999?
True
Is 19632 a multiple of 94?
False
Does 69 divide 1311?
True
Does 50 divide 24180?
False
Is 24 a factor of 284?
False
Is 280 a multiple of 4?
True
Is 34 a factor of 4862?
True
Is 3 a factor of 62?
False
Does 13 divide 585?
True
Is 7 a factor of 9663?
False
Is 23 a factor of 688?
False
Is 32 a multiple of 3?
False
Is 23144 a multiple of 88?
True
Is 1088 a multiple of 68?
True
Is 1176 a multiple of 21?
True
Is 477 a multiple of 11?
False
Is 18 a factor of 6469?
False
Is 18 a factor of 1782?
True
Is 965 a multiple of 6?
False
Is 6 a factor of 374?
False
Is 99 a factor of 4784?
False
Is 3130 a multiple of 11?
False
Does 60 divide 10740?
True
Is 91 a factor of 455?
True
Does 105 divide 52869?
False
Is 1372 a multiple of 11?
False
Is 47790 a multiple of 10?
True
Is 28082 a multiple of 19?
True
Is 6 a factor of 149?
False
Is 35231 a multiple of 19?
False
Is 37 a factor of 222?
True
Is 11480 a multiple of 205?
True
Does 9 divide 121?
False
Is 4368 a multiple of 91?
True
Is 25 a factor of 75?
True
Is 14 a factor of 504?
True
Is 740 a multiple of 10?
True
Does 19 divide 31521?
True
Is 51984 a multiple of 72?
True
Is 122 even?
True
Is 73 a factor of 8760?
True
Does 3 divide 1662?
True
Does 71 divide 5344?
False
Does 122 divide 11167?
False
Is 33 a factor of 2706?
True
Does 53 divide 2544?
True
Is 5889 a multiple of 19?
False
Is 37750 a multiple of 16?
False
Is 59 a factor of 363?
False
Is 289 a multiple of 22?
False
Is 1629 a multiple of 66?
False
Does 10 divide 710?
True
Does 28 divide 72?
False
Is 448 a multiple of 14?
True
Is 8 a factor of 122?
False
Is 373 a multiple of 50?
False
Is 66 a factor of 990?
True
Is 88 a factor of 86080?
False
Is 2850 a multiple of 19?
True
Does 34 divide 3944?
True
Is 918 a multiple of 27?
True
Does 8 divide 1697?
False
Is 25 a factor of 216?
False
Does 11 divide 1056?
True
Is 3629 a multiple of 10?
False
Is 31 a factor of 567?
False
Is 18 a factor of 2034?
True
Is 31309 a multiple of 36?